y 20?
19
Calculate the remainder when 2783 is divided by 43.
31
Calculate the remainder when 4487 is divided by 155.
147
What is the remainder when 147 is divided by 79?
68
What is the remainder when 13549 is divided by 44?
41
Calculate the remainder when 4890 is divided by 4.
2
What is the remainder when 320 is divided by 116?
88
What is the remainder when 75 is divided by 21?
12
What is the remainder when 69 is divided by 44?
25
Calculate the remainder when 533 is divided by 134.
131
What is the remainder when 72 is divided by 37?
35
Calculate the remainder when 661 is divided by 51.
49
What is the remainder when 43 is divided by 34?
9
Calculate the remainder when 467 is divided by 110.
27
Calculate the remainder when 9280 is divided by 41.
14
Calculate the remainder when 7737 is divided by 73.
72
Calculate the remainder when 313 is divided by 103.
4
Calculate the remainder when 2221 is divided by 39.
37
Calculate the remainder when 3644 is divided by 10.
4
Calculate the remainder when 3896 is divided by 39.
35
Calculate the remainder when 200 is divided by 41.
36
What is the remainder when 8797 is divided by 25?
22
Calculate the remainder when 43305 is divided by 54.
51
What is the remainder when 214 is divided by 68?
10
What is the remainder when 10949 is divided by 219?
218
Calculate the remainder when 950 is divided by 14.
12
Calculate the remainder when 31 is divided by 11.
9
What is the remainder when 49 is divided by 3?
1
What is the remainder when 718 is divided by 63?
25
What is the remainder when 1101 is divided by 19?
18
What is the remainder when 7186 is divided by 116?
110
Calculate the remainder when 54 is divided by 22.
10
What is the remainder when 44 is divided by 25?
19
What is the remainder when 110 is divided by 14?
12
Calculate the remainder when 37 is divided by 8.
5
Calculate the remainder when 860 is divided by 211.
16
What is the remainder when 341 is divided by 14?
5
Calculate the remainder when 321 is divided by 30.
21
Calculate the remainder when 6951 is divided by 148.
143
Calculate the remainder when 340 is divided by 110.
10
Calculate the remainder when 247 is divided by 115.
17
What is the remainder when 4143 is divided by 688?
15
What is the remainder when 7321 is divided by 37?
32
Calculate the remainder when 8 is divided by 1.
0
Calculate the remainder when 387 is divided by 386.
1
What is the remainder when 136 is divided by 30?
16
What is the remainder when 394 is divided by 21?
16
Calculate the remainder when 24 is divided by 10.
4
Calculate the remainder when 767 is divided by 15.
2
Calculate the remainder when 2430 is divided by 71.
16
Calculate the remainder when 2553 is divided by 849.
6
What is the remainder when 155 is divided by 12?
11
Calculate the remainder when 234 is divided by 36.
18
What is the remainder when 327 is divided by 297?
30
What is the remainder when 89 is divided by 48?
41
Calculate the remainder when 11438 is divided by 52.
50
Calculate the remainder when 611 is divided by 18.
17
Calculate the remainder when 1076 is divided by 15.
11
What is the remainder when 536 is divided by 70?
46
What is the remainder when 11473 is divided by 45?
43
What is the remainder when 76 is divided by 17?
8
Calculate the remainder when 3155 is divided by 6.
5
Calculate the remainder when 596 is divided by 151.
143
Calculate the remainder when 2600 is divided by 25.
0
Calculate the remainder when 632 is divided by 217.
198
Calculate the remainder when 361 is divided by 52.
49
Calculate the remainder when 1847 is divided by 50.
47
Calculate the remainder when 1362 is divided by 68.
2
What is the remainder when 334 is divided by 139?
56
What is the remainder when 320 is divided by 60?
20
Calculate the remainder when 50 is divided by 22.
6
Calculate the remainder when 733 is divided by 15.
13
Calculate the remainder when 657 is divided by 17.
11
What is the remainder when 3037 is divided by 31?
30
Calculate the remainder when 373 is divided by 24.
13
What is the remainder when 2743 is divided by 45?
43
Calculate the remainder when 224 is divided by 15.
14
What is the remainder when 6356 is divided by 13?
12
What is the remainder when 204 is divided by 173?
31
What is the remainder when 4322 is divided by 111?
104
Calculate the remainder when 151 is divided by 103.
48
What is the remainder when 598 is divided by 86?
82
What is the remainder when 1750 is divided by 135?
130
Calculate the remainder when 195 is divided by 11.
8
What is the remainder when 238 is divided by 10?
8
Calculate the remainder when 89 is divided by 33.
23
What is the remainder when 103 is divided by 35?
33
What is the remainder when 2477 is divided by 16?
13
Calculate the remainder when 375 is divided by 7.
4
Calculate the remainder when 300 is divided by 7.
6
Calculate the remainder when 396 is divided by 170.
56
What is the remainder when 145 is divided by 38?
31
Calculate the remainder when 63 is divided by 19.
6
Calculate the remainder when 1379 is divided by 83.
51
What is the remainder when 37 is divided by 31?
6
What is the remainder when 613 is divided by 264?
85
Calculate the remainder when 1017 is divided by 4.
1
What is the remainder when 3766 is divided by 74?
66
Calculate the remainder when 1541 is divided by 446.
203
What is the remainder when 810 is divided by 218?
156
What is the remainder when 135 is divided by 5?
0
What is the remainder when 1103 is divided by 148?
67
What is the remainder when 76 is divided by 42?
34
Calculate the remainder when 440 is divided by 56.
48
Calculate the remainder when 68 is divided by 12.
8
Calculate the remainder when 638 is divided by 9.
8
What is the remainder when 600 is divided by 86?
84
Calculate the remainder when 1019 is divided by 8.
3
What is the remainder when 3906 is divided by 71?
1
Calculate the remainder when 503 is divided by 86.
73
What is the remainder when 480 is divided by 154?
18
What is the remainder when 353 is divided by 93?
74
What is the remainder when 1860 is divided by 3?
0
Calculate the remainder when 349 is divided by 93.
70
What is the remainder when 194 is divided by 91?
12
Calculate the remainder when 25087 is divided by 26.
23
Calculate the remainder when 21893 is divided by 145.
143
Calculate the remainder when 336 is divided by 59.
41
What is the remainder when 250 is divided by 247?
3
Calculate the remainder when 151 is divided by 4.
3
Calculate the remainder when 78 is divided by 36.
6
Calculate the remainder when 859 is divided by 18.
13
Calculate the remainder when 11703 is divided by 152.
151
Calculate the remainder when 123 is divided by 37.
12
What is the remainder when 1704 is divided by 55?
54
Calculate the remainder when 589 is divided by 44.
17
Calculate the remainder when 438 is divided by 9.
6
What is the remainder when 230 is divided by 44?
10
What is the remainder when 3760 is divided by 71?
68
Calculate the remainder when 1072 is divided by 37.
36
What is the remainder when 66 is divided by 13?
1
Calculate the remainder when 1243 is divided by 22.
11
Calculate the remainder when 268 is divided by 10.
8
Calculate the remainder when 295 is divided by 63.
43
Calculate the remainder when 227 is divided by 47.
39
Calculate the remainder when 3104 is divided by 162.
26
What is the remainder when 11 is divided by 3?
2
Calculate the remainder when 233 is divided by 78.
77
What is the remainder when 197 is divided by 22?
21
Calculate the remainder when 1438 is divided by 132.
118
What is the remainder when 2997 is divided by 30?
27
What is the remainder when 226 is divided by 100?
26
Calculate the remainder when 1398 is divided by 200.
198
Calculate the remainder when 2712 is divided by 903.
3
What is the remainder when 391 is divided by 111?
58
Calculate the remainder when 548 is divided by 45.
8
Calculate the remainder when 150 is divided by 32.
22
Calculate the remainder when 1117 is divided by 271.
33
Calculate the remainder when 671 is divided by 48.
47
What is the remainder when 189 is divided by 73?
43
Calculate the remainder when 69 is divided by 23.
0
Calculate the remainder when 1139 is divided by 20.
19
What is the remainder when 560 is divided by 50?
10
Calculate the remainder when 28 is divided by 16.
12
Calculate the remai